{"id":37219,"date":"2024-04-09T13:45:14","date_gmt":"2024-04-09T13:45:14","guid":{"rendered":"https:\/\/crs-advogados.com\/?post_type=cpt_services&#038;p=37219"},"modified":"2024-10-10T11:09:53","modified_gmt":"2024-10-10T10:09:53","slug":"balcao-das-marcas-patentes-e-alvaras","status":"publish","type":"cpt_services","link":"https:\/\/crs-advogados.com\/en\/services\/balcao-das-marcas-patentes-e-alvaras\/","title":{"rendered":"Balc\u00e3o das marcas, patentes e alvar\u00e1s"},"content":{"rendered":"\n<p class=\"wp-block-paragraph\">Trabalhe descansado, sem medos.<\/p>\n\n\n\n<p class=\"wp-block-paragraph\">A nossa equipa de advogados que gere este balc\u00e3o de marcas, patentes e alvar\u00e1s \u00e9 liderada pelo s\u00f3cio respons\u00e1vel pelo departamento de Direito Intelectual e Industrial o <a href=\"\/team\/nuno-pereira-cruz\/\">Dr. Nuno Pereira da Cruz<\/a>.<\/p>\n\n\n\n<p class=\"wp-block-paragraph\">\u00c1REAS DE ATUA\u00c7\u00c3O<\/p>\n\n\n\n<ul class=\"wp-block-list\">\n<li>Patentes de inven\u00e7\u00e3o<\/li>\n\n\n\n<li>Marcas de Produtos e\/ou Servi\u00e7os<\/li>\n\n\n\n<li>Certificado Suplementar de Prote\u00e7\u00e3o CCP<\/li>\n\n\n\n<li>Log\u00f3tipo<\/li>\n\n\n\n<li>Modelo de Utilidade<\/li>\n\n\n\n<li>Denomina\u00e7\u00e3o de Origem<\/li>\n\n\n\n<li>Desenho ou Modelo<\/li>\n\n\n\n<li>Indica\u00e7\u00e3o Geogr\u00e1fica<\/li>\n\n\n\n<li>Topografia de Produto Semicondutor<\/li>\n\n\n\n<li>Alvar\u00e1 de Constru\u00e7\u00e3o<\/li>\n\n\n\n<li>T\u00edtulo de Registo<\/li>\n\n\n\n<li>Licen\u00e7a de Media\u00e7\u00e3o Imobili\u00e1ria<\/li>\n\n\n\n<li>Alvar\u00e1 de Ced\u00eancia de pessoal<\/li>\n\n\n\n<li>Direito de autor<\/li>\n<\/ul>\n\n\n\n<p class=\"wp-block-paragraph\">Ligue-nos ou envie um email com a sua pretens\u00e3o\/necessidade para apresentarmos uma proposta de servi\u00e7os jur\u00eddicos adaptada ao seu caso concreto.<\/p>\n","protected":false},"excerpt":{"rendered":"<p>Trabalhe descansado, sem medos. A nossa equipa de advogados que gere este balc\u00e3o de marcas,&hellip;<\/p>\n","protected":false},"author":1,"featured_media":0,"comment_status":"closed","ping_status":"closed","template":"","cpt_services_group":[271],"class_list":["post-37219","cpt_services","type-cpt_services","status-publish","hentry","cpt_services_group-legal-edge-solutions"],"yoast_head":"<!-- This site is optimized with the Yoast SEO plugin v27.4 - https:\/\/yoast.com\/product\/yoast-seo-wordpress\/ -->\n<title>Registro de Marcas, Patentes e Alvar\u00e1s | CRS Advogados<\/title>\n<meta name=\"description\" content=\"A CRS Advogados oferece servi\u00e7os de registro de marcas, patentes e alvar\u00e1s, protegendo os direitos de propriedade intelectual e industrial de sua empresa.\" \/>\n<meta name=\"robots\" content=\"index, follow, max-snippet:-1, max-image-preview:large, max-video-preview:-1\" \/>\n<link rel=\"canonical\" href=\"https:\/\/crs-advogados.com\/en\/services\/balcao-das-marcas-patentes-e-alvaras\/\" \/>\n<meta property=\"og:locale\" content=\"en_US\" \/>\n<meta property=\"og:type\" content=\"article\" \/>\n<meta property=\"og:title\" content=\"Registro de Marcas, Patentes e Alvar\u00e1s | CRS Advogados\" \/>\n<meta property=\"og:description\" content=\"A CRS Advogados oferece servi\u00e7os de registro de marcas, patentes e alvar\u00e1s, protegendo os direitos de propriedade intelectual e industrial de sua empresa.\" \/>\n<meta property=\"og:url\" content=\"https:\/\/crs-advogados.com\/en\/services\/balcao-das-marcas-patentes-e-alvaras\/\" \/>\n<meta property=\"og:site_name\" content=\"CRS Advogados\" \/>\n<meta property=\"article:publisher\" content=\"https:\/\/www.facebook.com\/crslegal\" \/>\n<meta property=\"article:modified_time\" content=\"2024-10-10T10:09:53+00:00\" \/>\n<meta name=\"twitter:card\" content=\"summary_large_image\" \/>\n<meta name=\"twitter:label1\" content=\"Est. reading time\" \/>\n\t<meta name=\"twitter:data1\" content=\"1 minute\" \/>\n<script type=\"application\/ld+json\" class=\"yoast-schema-graph\">{\"@context\":\"https:\\\/\\\/schema.org\",\"@graph\":[{\"@type\":\"WebPage\",\"@id\":\"https:\\\/\\\/crs-advogados.com\\\/en\\\/services\\\/balcao-das-marcas-patentes-e-alvaras\\\/\",\"url\":\"https:\\\/\\\/crs-advogados.com\\\/en\\\/services\\\/balcao-das-marcas-patentes-e-alvaras\\\/\",\"name\":\"Registro de Marcas, Patentes e Alvar\u00e1s | CRS Advogados\",\"isPartOf\":{\"@id\":\"https:\\\/\\\/crs-advogados.com\\\/en\\\/#website\"},\"datePublished\":\"2024-04-09T13:45:14+00:00\",\"dateModified\":\"2024-10-10T10:09:53+00:00\",\"description\":\"A CRS Advogados oferece servi\u00e7os de registro de marcas, patentes e alvar\u00e1s, protegendo os direitos de propriedade intelectual e industrial de sua empresa.\",\"breadcrumb\":{\"@id\":\"https:\\\/\\\/crs-advogados.com\\\/en\\\/services\\\/balcao-das-marcas-patentes-e-alvaras\\\/#breadcrumb\"},\"inLanguage\":\"en-US\",\"potentialAction\":[{\"@type\":\"ReadAction\",\"target\":[\"https:\\\/\\\/crs-advogados.com\\\/en\\\/services\\\/balcao-das-marcas-patentes-e-alvaras\\\/\"]}]},{\"@type\":\"BreadcrumbList\",\"@id\":\"https:\\\/\\\/crs-advogados.com\\\/en\\\/services\\\/balcao-das-marcas-patentes-e-alvaras\\\/#breadcrumb\",\"itemListElement\":[{\"@type\":\"ListItem\",\"position\":1,\"name\":\"In\u00edcio\",\"item\":\"https:\\\/\\\/crs-advogados.com\\\/en\\\/\"},{\"@type\":\"ListItem\",\"position\":2,\"name\":\"Services\",\"item\":\"https:\\\/\\\/crs-advogados.com\\\/en\\\/services\\\/\"},{\"@type\":\"ListItem\",\"position\":3,\"name\":\"Balc\u00e3o das marcas, patentes e alvar\u00e1s\"}]},{\"@type\":\"WebSite\",\"@id\":\"https:\\\/\\\/crs-advogados.com\\\/en\\\/#website\",\"url\":\"https:\\\/\\\/crs-advogados.com\\\/en\\\/\",\"name\":\"CRS Advogados\",\"description\":\"Sociedade de Advogados, Portugal, Lisboa | Porto | Algarve\",\"publisher\":{\"@id\":\"https:\\\/\\\/crs-advogados.com\\\/en\\\/#organization\"},\"potentialAction\":[{\"@type\":\"SearchAction\",\"target\":{\"@type\":\"EntryPoint\",\"urlTemplate\":\"https:\\\/\\\/crs-advogados.com\\\/en\\\/?s={search_term_string}\"},\"query-input\":{\"@type\":\"PropertyValueSpecification\",\"valueRequired\":true,\"valueName\":\"search_term_string\"}}],\"inLanguage\":\"en-US\"},{\"@type\":\"Organization\",\"@id\":\"https:\\\/\\\/crs-advogados.com\\\/en\\\/#organization\",\"name\":\"CRS Advogados\",\"url\":\"https:\\\/\\\/crs-advogados.com\\\/en\\\/\",\"logo\":{\"@type\":\"ImageObject\",\"inLanguage\":\"en-US\",\"@id\":\"https:\\\/\\\/crs-advogados.com\\\/en\\\/#\\\/schema\\\/logo\\\/image\\\/\",\"url\":\"https:\\\/\\\/crs-advogados.com\\\/wp-content\\\/uploads\\\/2024\\\/03\\\/Logo_CRS_Black.png\",\"contentUrl\":\"https:\\\/\\\/crs-advogados.com\\\/wp-content\\\/uploads\\\/2024\\\/03\\\/Logo_CRS_Black.png\",\"width\":113,\"height\":32,\"caption\":\"CRS Advogados\"},\"image\":{\"@id\":\"https:\\\/\\\/crs-advogados.com\\\/en\\\/#\\\/schema\\\/logo\\\/image\\\/\"},\"sameAs\":[\"https:\\\/\\\/www.facebook.com\\\/crslegal\",\"https:\\\/\\\/www.instagram.com\\\/crs_advogados\\\/\",\"https:\\\/\\\/pt.linkedin.com\\\/company\\\/crsadvogados\"]}]}<\/script>\n<!-- \/ Yoast SEO plugin. -->","yoast_head_json":{"title":"Registro de Marcas, Patentes e Alvar\u00e1s | CRS Advogados","description":"A CRS Advogados oferece servi\u00e7os de registro de marcas, patentes e alvar\u00e1s, protegendo os direitos de propriedade intelectual e industrial de sua empresa.","robots":{"index":"index","follow":"follow","max-snippet":"max-snippet:-1","max-image-preview":"max-image-preview:large","max-video-preview":"max-video-preview:-1"},"canonical":"https:\/\/crs-advogados.com\/en\/services\/balcao-das-marcas-patentes-e-alvaras\/","og_locale":"en_US","og_type":"article","og_title":"Registro de Marcas, Patentes e Alvar\u00e1s | CRS Advogados","og_description":"A CRS Advogados oferece servi\u00e7os de registro de marcas, patentes e alvar\u00e1s, protegendo os direitos de propriedade intelectual e industrial de sua empresa.","og_url":"https:\/\/crs-advogados.com\/en\/services\/balcao-das-marcas-patentes-e-alvaras\/","og_site_name":"CRS Advogados","article_publisher":"https:\/\/www.facebook.com\/crslegal","article_modified_time":"2024-10-10T10:09:53+00:00","twitter_card":"summary_large_image","twitter_misc":{"Est. reading time":"1 minute"},"schema":{"@context":"https:\/\/schema.org","@graph":[{"@type":"WebPage","@id":"https:\/\/crs-advogados.com\/en\/services\/balcao-das-marcas-patentes-e-alvaras\/","url":"https:\/\/crs-advogados.com\/en\/services\/balcao-das-marcas-patentes-e-alvaras\/","name":"Registro de Marcas, Patentes e Alvar\u00e1s | CRS Advogados","isPartOf":{"@id":"https:\/\/crs-advogados.com\/en\/#website"},"datePublished":"2024-04-09T13:45:14+00:00","dateModified":"2024-10-10T10:09:53+00:00","description":"A CRS Advogados oferece servi\u00e7os de registro de marcas, patentes e alvar\u00e1s, protegendo os direitos de propriedade intelectual e industrial de sua empresa.","breadcrumb":{"@id":"https:\/\/crs-advogados.com\/en\/services\/balcao-das-marcas-patentes-e-alvaras\/#breadcrumb"},"inLanguage":"en-US","potentialAction":[{"@type":"ReadAction","target":["https:\/\/crs-advogados.com\/en\/services\/balcao-das-marcas-patentes-e-alvaras\/"]}]},{"@type":"BreadcrumbList","@id":"https:\/\/crs-advogados.com\/en\/services\/balcao-das-marcas-patentes-e-alvaras\/#breadcrumb","itemListElement":[{"@type":"ListItem","position":1,"name":"In\u00edcio","item":"https:\/\/crs-advogados.com\/en\/"},{"@type":"ListItem","position":2,"name":"Services","item":"https:\/\/crs-advogados.com\/en\/services\/"},{"@type":"ListItem","position":3,"name":"Balc\u00e3o das marcas, patentes e alvar\u00e1s"}]},{"@type":"WebSite","@id":"https:\/\/crs-advogados.com\/en\/#website","url":"https:\/\/crs-advogados.com\/en\/","name":"CRS Advogados","description":"Sociedade de Advogados, Portugal, Lisboa | Porto | Algarve","publisher":{"@id":"https:\/\/crs-advogados.com\/en\/#organization"},"potentialAction":[{"@type":"SearchAction","target":{"@type":"EntryPoint","urlTemplate":"https:\/\/crs-advogados.com\/en\/?s={search_term_string}"},"query-input":{"@type":"PropertyValueSpecification","valueRequired":true,"valueName":"search_term_string"}}],"inLanguage":"en-US"},{"@type":"Organization","@id":"https:\/\/crs-advogados.com\/en\/#organization","name":"CRS Advogados","url":"https:\/\/crs-advogados.com\/en\/","logo":{"@type":"ImageObject","inLanguage":"en-US","@id":"https:\/\/crs-advogados.com\/en\/#\/schema\/logo\/image\/","url":"https:\/\/crs-advogados.com\/wp-content\/uploads\/2024\/03\/Logo_CRS_Black.png","contentUrl":"https:\/\/crs-advogados.com\/wp-content\/uploads\/2024\/03\/Logo_CRS_Black.png","width":113,"height":32,"caption":"CRS Advogados"},"image":{"@id":"https:\/\/crs-advogados.com\/en\/#\/schema\/logo\/image\/"},"sameAs":["https:\/\/www.facebook.com\/crslegal","https:\/\/www.instagram.com\/crs_advogados\/","https:\/\/pt.linkedin.com\/company\/crsadvogados"]}]}},"_links":{"self":[{"href":"https:\/\/crs-advogados.com\/en\/wp-json\/wp\/v2\/cpt_services\/37219","targetHints":{"allow":["GET"]}}],"collection":[{"href":"https:\/\/crs-advogados.com\/en\/wp-json\/wp\/v2\/cpt_services"}],"about":[{"href":"https:\/\/crs-advogados.com\/en\/wp-json\/wp\/v2\/types\/cpt_services"}],"author":[{"embeddable":true,"href":"https:\/\/crs-advogados.com\/en\/wp-json\/wp\/v2\/users\/1"}],"replies":[{"embeddable":true,"href":"https:\/\/crs-advogados.com\/en\/wp-json\/wp\/v2\/comments?post=37219"}],"wp:attachment":[{"href":"https:\/\/crs-advogados.com\/en\/wp-json\/wp\/v2\/media?parent=37219"}],"wp:term":[{"taxonomy":"cpt_services_group","embeddable":true,"href":"https:\/\/crs-advogados.com\/en\/wp-json\/wp\/v2\/cpt_services_group?post=37219"}],"curies":[{"name":"wp","href":"https:\/\/api.w.org\/{rel}","templated":true}]}}

Balcão das marcas, patentes e alvarás

<p class="wp-block-paragraph">Trabalhe descansado, sem medos.</p>



<p class="wp-block-paragraph">A nossa equipa de advogados que gere este balcão de marcas, patentes e alvarás é liderada pelo sócio responsável pelo departamento de Direito Intelectual e Industrial o <a href="/team/nuno-pereira-cruz/">Dr. Nuno Pereira da Cruz</a>.</p>



<p class="wp-block-paragraph">ÁREAS DE ATUAÇÃO</p>



<ul class="wp-block-list">
<li>Patentes de invenção</li>



<li>Marcas de Produtos e/ou Serviços</li>



<li>Certificado Suplementar de Proteção CCP</li>



<li>Logótipo</li>



<li>Modelo de Utilidade</li>



<li>Denominação de Origem</li>



<li>Desenho ou Modelo</li>



<li>Indicação Geográfica</li>



<li>Topografia de Produto Semicondutor</li>



<li>Alvará de Construção</li>



<li>Título de Registo</li>



<li>Licença de Mediação Imobiliária</li>



<li>Alvará de Cedência de pessoal</li>



<li>Direito de autor</li>
</ul>



<p class="wp-block-paragraph">Ligue-nos ou envie um email com a sua pretensão/necessidade para apresentarmos uma proposta de serviços jurídicos adaptada ao seu caso concreto.</p>

<p>Trabalhe descansado, sem medos. A nossa equipa de advogados que gere este balcão de marcas,&hellip;</p>

<!-- This site is optimized with the Yoast SEO plugin v27.4 - https://yoast.com/product/yoast-seo-wordpress/ -->
<title>Registro de Marcas, Patentes e Alvarás | CRS Advogados</title>
<meta name="description" content="A CRS Advogados oferece serviços de registro de marcas, patentes e alvarás, protegendo os direitos de propriedade intelectual e industrial de sua empresa." />
<meta name="robots" content="index, follow, max-snippet:-1, max-image-preview:large, max-video-preview:-1" />
<link rel="canonical" href="https://crs-advogados.com/en/services/balcao-das-marcas-patentes-e-alvaras/" />
<meta property="og:locale" content="en_US" />
<meta property="og:type" content="article" />
<meta property="og:title" content="Registro de Marcas, Patentes e Alvarás | CRS Advogados" />
<meta property="og:description" content="A CRS Advogados oferece serviços de registro de marcas, patentes e alvarás, protegendo os direitos de propriedade intelectual e industrial de sua empresa." />
<meta property="og:url" content="https://crs-advogados.com/en/services/balcao-das-marcas-patentes-e-alvaras/" />
<meta property="og:site_name" content="CRS Advogados" />
<meta property="article:publisher" content="https://www.facebook.com/crslegal" />
<meta property="article:modified_time" content="2024-10-10T10:09:53+00:00" />
<meta name="twitter:card" content="summary_large_image" />
<meta name="twitter:label1" content="Est. reading time" />
	<meta name="twitter:data1" content="1 minute" />
<script type="application/ld+json" class="yoast-schema-graph">{"@context":"https:\/\/schema.org","@graph":[{"@type":"WebPage","@id":"https:\/\/crs-advogados.com\/en\/services\/balcao-das-marcas-patentes-e-alvaras\/","url":"https:\/\/crs-advogados.com\/en\/services\/balcao-das-marcas-patentes-e-alvaras\/","name":"Registro de Marcas, Patentes e Alvarás | CRS Advogados","isPartOf":{"@id":"https:\/\/crs-advogados.com\/en\/#website"},"datePublished":"2024-04-09T13:45:14+00:00","dateModified":"2024-10-10T10:09:53+00:00","description":"A CRS Advogados oferece serviços de registro de marcas, patentes e alvarás, protegendo os direitos de propriedade intelectual e industrial de sua empresa.","breadcrumb":{"@id":"https:\/\/crs-advogados.com\/en\/services\/balcao-das-marcas-patentes-e-alvaras\/#breadcrumb"},"inLanguage":"en-US","potentialAction":[{"@type":"ReadAction","target":["https:\/\/crs-advogados.com\/en\/services\/balcao-das-marcas-patentes-e-alvaras\/"]}]},{"@type":"BreadcrumbList","@id":"https:\/\/crs-advogados.com\/en\/services\/balcao-das-marcas-patentes-e-alvaras\/#breadcrumb","itemListElement":[{"@type":"ListItem","position":1,"name":"Início","item":"https:\/\/crs-advogados.com\/en\/"},{"@type":"ListItem","position":2,"name":"Services","item":"https:\/\/crs-advogados.com\/en\/services\/"},{"@type":"ListItem","position":3,"name":"Balcão das marcas, patentes e alvarás"}]},{"@type":"WebSite","@id":"https:\/\/crs-advogados.com\/en\/#website","url":"https:\/\/crs-advogados.com\/en\/","name":"CRS Advogados","description":"Sociedade de Advogados, Portugal, Lisboa | Porto | Algarve","publisher":{"@id":"https:\/\/crs-advogados.com\/en\/#organization"},"potentialAction":[{"@type":"SearchAction","target":{"@type":"EntryPoint","urlTemplate":"https:\/\/crs-advogados.com\/en\/?s={search_term_string}"},"query-input":{"@type":"PropertyValueSpecification","valueRequired":true,"valueName":"search_term_string"}}],"inLanguage":"en-US"},{"@type":"Organization","@id":"https:\/\/crs-advogados.com\/en\/#organization","name":"CRS Advogados","url":"https:\/\/crs-advogados.com\/en\/","logo":{"@type":"ImageObject","inLanguage":"en-US","@id":"https:\/\/crs-advogados.com\/en\/#\/schema\/logo\/image\/","url":"https:\/\/crs-advogados.com\/wp-content\/uploads\/2024\/03\/Logo_CRS_Black.png","contentUrl":"https:\/\/crs-advogados.com\/wp-content\/uploads\/2024\/03\/Logo_CRS_Black.png","width":113,"height":32,"caption":"CRS Advogados"},"image":{"@id":"https:\/\/crs-advogados.com\/en\/#\/schema\/logo\/image\/"},"sameAs":["https:\/\/www.facebook.com\/crslegal","https:\/\/www.instagram.com\/crs_advogados\/","https:\/\/pt.linkedin.com\/company\/crsadvogados"]}]}</script>
<!-- / Yoast SEO plugin. -->

Registro de Marcas, Patentes e Alvarás | CRS Advogados

A CRS Advogados oferece serviços de registro de marcas, patentes e alvarás, protegendo os direitos de propriedade intelectual e industrial de sua empresa.

Início
